divided by 54?
53
What is the remainder when 93 is divided by 32?
29
Calculate the remainder when 646 is divided by 82.
72
What is the remainder when 369 is divided by 21?
12
What is the remainder when 845 is divided by 281?
2
What is the remainder when 808 is divided by 54?
52
What is the remainder when 31 is divided by 18?
13
Calculate the remainder when 80 is divided by 7.
3
Calculate the remainder when 7122 is divided by 125.
122
Calculate the remainder when 33 is divided by 23.
10
What is the remainder when 797 is divided by 310?
177
Calculate the remainder when 3164 is divided by 66.
62
What is the remainder when 464 is divided by 12?
8
Calculate the remainder when 49 is divided by 37.
12
What is the remainder when 197 is divided by 39?
2
Calculate the remainder when 164 is divided by 29.
19
Calculate the remainder when 129 is divided by 13.
12
What is the remainder when 925 is divided by 13?
2
What is the remainder when 11216 is divided by 13?
10
What is the remainder when 2602 is divided by 84?
82
What is the remainder when 197 is divided by 95?
7
Calculate the remainder when 246 is divided by 18.
12
Calculate the remainder when 601 is divided by 9.
7
Calculate the remainder when 1126 is divided by 49.
48
What is the remainder when 709 is divided by 682?
27
What is the remainder when 37 is divided by 17?
3
What is the remainder when 78 is divided by 7?
1
What is the remainder when 1991 is divided by 69?
59
Calculate the remainder when 705 is divided by 41.
8
What is the remainder when 97 is divided by 35?
27
What is the remainder when 1945 is divided by 59?
57
Calculate the remainder when 9227 is divided by 6.
5
Calculate the remainder when 295 is divided by 140.
15
Calculate the remainder when 190 is divided by 15.
10
Calculate the remainder when 288 is divided by 205.
83
Calculate the remainder when 303 is divided by 6.
3
Calculate the remainder when 255 is divided by 127.
1
Calculate the remainder when 100 is divided by 79.
21
Calculate the remainder when 41 is divided by 27.
14
Calculate the remainder when 473 is divided by 14.
11
What is the remainder when 90 is divided by 2?
0
What is the remainder when 76 is divided by 11?
10
Calculate the remainder when 6904 is divided by 35.
9
What is the remainder when 317 is divided by 64?
61
Calculate the remainder when 1306 is divided by 58.
30
Calculate the remainder when 3324 is divided by 3322.
2
What is the remainder when 463 is divided by 123?
94
Calculate the remainder when 424 is divided by 33.
28
What is the remainder when 4932 is divided by 1232?
4
What is the remainder when 15612 is divided by 64?
60
Calculate the remainder when 3676 is divided by 92.
88
What is the remainder when 82 is divided by 17?
14
Calculate the remainder when 139 is divided by 10.
9
What is the remainder when 699 is divided by 100?
99
Calculate the remainder when 28 is divided by 16.
12
Calculate the remainder when 586 is divided by 23.
11
Calculate the remainder when 28 is divided by 3.
1
Calculate the remainder when 653 is divided by 170.
143
What is the remainder when 599 is divided by 10?
9
What is the remainder when 2636 is divided by 29?
26
Calculate the remainder when 3589 is divided by 100.
89
What is the remainder when 5471 is divided by 48?
47
What is the remainder when 1679 is divided by 10?
9
Calculate the remainder when 91 is divided by 47.
44
What is the remainder when 365 is divided by 350?
15
What is the remainder when 2892 is divided by 20?
12
What is the remainder when 2669 is divided by 888?
5
Calculate the remainder when 604 is divided by 6.
4
What is the remainder when 194 is divided by 18?
14
Calculate the remainder when 1477 is divided by 734.
9
What is the remainder when 63 is divided by 34?
29
What is the remainder when 34 is divided by 7?
6
Calculate the remainder when 433 is divided by 215.
3
What is the remainder when 32 is divided by 25?
7
Calculate the remainder when 5056 is divided by 83.
76
Calculate the remainder when 174 is divided by 25.
24
What is the remainder when 1965 is divided by 41?
38
Calculate the remainder when 263 is divided by 15.
8
Calculate the remainder when 142 is divided by 21.
16
Calculate the remainder when 1609 is divided by 161.
160
What is the remainder when 87 is divided by 23?
18
Calculate the remainder when 240 is divided by 53.
28
Calculate the remainder when 34 is divided by 7.
6
Calculate the remainder when 1093 is divided by 211.
38
What is the remainder when 193 is divided by 12?
1
What is the remainder when 8967 is divided by 26?
23
Calculate the remainder when 75 is divided by 21.
12
What is the remainder when 343 is divided by 98?
49
Calculate the remainder when 73 is divided by 18.
1
What is the remainder when 1355 is divided by 60?
35
What is the remainder when 531 is divided by 184?
163
Calculate the remainder when 4027 is divided by 224.
219
Calculate the remainder when 348 is divided by 50.
48
What is the remainder when 1681 is divided by 282?
271
Calculate the remainder when 231 is divided by 87.
57
Calculate the remainder when 313 is divided by 77.
5
What is the remainder when 381 is divided by 111?
48
Calculate the remainder when 193 is divided by 11.
6
What is the remainder when 4583 is divided by 31?
26
Calculate the remainder when 719 is divided by 146.
135
Calculate the remainder when 257 is divided by 23.
4
What is the remainder when 1244 is divided by 618?
8
What is the remainder when 1041 is divided by 109?
60
Calculate the remainder when 226 is divided by 37.
4
What is the remainder when 392 is divided by 25?
17
What is the remainder when 154 is divided by 19?
2
Calculate the remainder when 12 is divided by 7.
5
What is the remainder when 437 is divided by 8?
5
Calculate the remainder when 148 is divided by 76.
72
What is the remainder when 1511 is divided by 84?
83
Calculate the remainder when 38 is divided by 2.
0
What is the remainder when 516 is divided by 39?
9
What is the remainder when 690 is divided by 115?
0
Calculate the remainder when 152 is divided by 6.
2
Calculate the remainder when 203 is divided by 16.
11
Calculate the remainder when 71 is divided by 37.
34
Calculate the remainder when 3383 is divided by 154.
149
What is the remainder when 754 is divided by 84?
82
Calculate the remainder when 221 is divided by 70.
11
Calculate the remainder when 1292 is divided by 223.
177
What is the remainder when 109 is divided by 16?
13
What is the remainder when 26058 is divided by 23?
22
What is the remainder when 1239 is divided by 18?
15
Calculate the remainder when 1465 is divided by 713.
39
Calculate the remainder when 822 is divided by 75.
72
Calculate the remainder when 1536 is divided by 19.
16
What is the remainder when 285 is divided by 47?
3
What is the remainder when 106 is divided by 27?
25
What is the remainder when 103 is divided by 37?
29
What is the remainder when 56 is divided by 23?
10
Calculate the remainder when 732 is divided by 28.
4
Calculate the remainder when 21 is divided by 21.
0
Calculate the remainder when 241 is divided by 3.
1
Calculate the remainder when 378 is divided by 70.
28
What is the remainder when 487 is divided by 161?
4
Calculate the remainder when 165 is divided by 24.
21
What is the remainder when 4265 is divided by 16?
9
Calculate the remainder when 839 is divided by 830.
9
Calculate the remainder when 604 is divided by 354.
250
What is the remainder when 219 is divided by 51?
15
Calculate the remainder when 41 is divided by 15.
11
What is the remainder when 264 is divided by 129?
6
What is the remainder when 422 is divided by 25?
22
Calculate the remainder when 458 is divided by 15.
8
Calculate the remainder when 1921 is divided by 19.
2
What is the remainder when 207 is divided by 45?
27
What is the remainder when 245 is divided by 13?
11
What is the remainder when 2428 is divided by 90?
88
Calculate the remainder when 315 is divided by 69.
39
What is the remainder when 99 is divided by 53?
46
What is the remainder when 2180 is divided by 2144?
36
Calculate the remainder when 11497 is divided by 57.
40
Calculate the remainder when 162 is divided by 70.
22
Calculate the remainder when 22 is divided by 5.
2
What is the remainder when 3815 is divided by 53?
52
What is th